{"id":55,"date":"2025-08-07T21:36:15","date_gmt":"2025-08-07T21:36:15","guid":{"rendered":"https:\/\/amberfengshui.com\/sinyana\/?page_id=55"},"modified":"2026-01-16T16:56:01","modified_gmt":"2026-01-16T16:56:01","slug":"beneficios-clave-de-sinyana","status":"publish","type":"page","link":"https:\/\/amberfengshui.com\/sinyana\/index.php\/beneficios-clave-de-sinyana\/","title":{"rendered":"Beneficios clave de \u00absinyana\u00bb"},"content":{"rendered":"\t\t<div data-elementor-type=\"wp-post\" data-elementor-id=\"55\" class=\"elementor elementor-55\" data-elementor-post-type=\"page\">\n\t\t\t\t<div class=\"elementor-element elementor-element-6d626c4 e-con-full e-flex e-con e-parent\" data-id=\"6d626c4\" data-element_type=\"container\">\n\t\t<div class=\"elementor-element elementor-element-88055c5 e-con-full e-flex e-con e-child\" data-id=\"88055c5\" data-element_type=\"container\">\n\t\t\t\t<\/div>\n\t\t<div class=\"elementor-element elementor-element-a369248 e-con-full e-flex e-con e-child\" data-id=\"a369248\" data-element_type=\"container\">\n\t\t\t\t<\/div>\n\t\t<div class=\"elementor-element elementor-element-9128117 e-con-full e-flex e-con e-child\" data-id=\"9128117\" data-element_type=\"container\">\n\t\t\t\t<div class=\"elementor-element elementor-element-cfa54bf elementor-widget elementor-widget-image\" data-id=\"cfa54bf\" data-element_type=\"widget\" data-widget_type=\"image.default\">\n\t\t\t\t\t\t\t\t\t\t\t\t\t\t\t<img fetchpriority=\"high\" decoding=\"async\" width=\"800\" height=\"534\" src=\"https:\/\/amberfengshui.com\/sinyana\/wp-content\/uploads\/2025\/08\/blog-1024x683.jpg\" class=\"attachment-large size-large wp-image-57\" alt=\"\" srcset=\"https:\/\/amberfengshui.com\/sinyana\/wp-content\/uploads\/2025\/08\/blog-1024x683.jpg 1024w, https:\/\/amberfengshui.com\/sinyana\/wp-content\/uploads\/2025\/08\/blog-300x200.jpg 300w, https:\/\/amberfengshui.com\/sinyana\/wp-content\/uploads\/2025\/08\/blog-768x512.jpg 768w, https:\/\/amberfengshui.com\/sinyana\/wp-content\/uploads\/2025\/08\/blog.jpg 1200w\" sizes=\"(max-width: 800px) 100vw, 800px\" \/>\t\t\t\t\t\t\t\t\t\t\t\t\t\t\t<\/div>\n\t\t\t\t<\/div>\n\t\t\t\t<\/div>\n\t\t<div class=\"elementor-element elementor-element-2aede58 e-flex e-con-boxed e-con e-parent\" data-id=\"2aede58\" data-element_type=\"container\">\n\t\t\t\t\t<div class=\"e-con-inner\">\n\t\t\t\t<div class=\"elementor-element elementor-element-28eb373 elementor-widget elementor-widget-text-editor\" data-id=\"28eb373\" data-element_type=\"widget\" data-widget_type=\"text-editor.default\">\n\t\t\t\t\t\t\t\t\t<p>Beneficios clave de \u00absinyana\u00bb<\/p>\t\t\t\t\t\t\t\t<\/div>\n\t\t\t\t<div class=\"elementor-element elementor-element-65853df elementor-widget elementor-widget-text-editor\" data-id=\"65853df\" data-element_type=\"widget\" data-widget_type=\"text-editor.default\">\n\t\t\t\t\t\t\t\t\t<p style=\"text-align: right;\">\u7684\u4e3b\u8981\u512a\u9ede<\/p>\t\t\t\t\t\t\t\t<\/div>\n\t\t\t\t<div class=\"elementor-element elementor-element-33843f2 elementor-widget__width-initial elementor-widget-mobile__width-initial elementor-widget elementor-widget-text-editor\" data-id=\"33843f2\" data-element_type=\"widget\" data-widget_type=\"text-editor.default\">\n\t\t\t\t\t\t\t\t\t<p>SINYANA te da <strong>claridad, estructura y direcci\u00f3n interna<\/strong> para que tus decisiones y acciones empiecen a dar resultados reales y sostenibles.<\/p><p>Al completar SINYANA, habr\u00e1s conseguido:<\/p><p><b>1- Claridad para decidir sin dudar<\/b><\/p><ul><li>Dejar\u00e1s de posponer decisiones importantes.<\/li><li>Aprender\u00e1s a identificar cu\u00e1ndo avanzar y cu\u00e1ndo esperar.<\/li><li>Tomar\u00e1s decisiones con m\u00e1s seguridad y menos desgaste mental.<\/li><\/ul><p><b><br \/>2-Una br\u00fajula interna clara y confiable<\/b><\/p><ul><li>Reconocer\u00e1s tu energ\u00eda y c\u00f3mo funciona.<\/li><li>Conectar\u00e1s con tu Guardi\u00e1n del Destino como referencia interna.<\/li><li>Dejar\u00e1s de copiar caminos ajenos que no t <em>Empiezas a liderar desde quien realmente eres.<\/em><\/li><\/ul><p><b><br \/>3- Orden energ\u00e9tico y mental<\/b><\/p><ul><li>Reducir\u00e1s la confusi\u00f3n interna y el ruido mental.<\/li><li>Sentir\u00e1s m\u00e1s estabilidad emocional.<\/li><li>Tu energ\u00eda dejar\u00e1 de ir en picos y ca\u00eddas constantes.<\/li><\/ul><p><strong><br \/><b>4- Una nueva forma de manifestar<\/b><\/strong><\/p><ul><li>Entender\u00e1s c\u00f3mo manifiestas t\u00fa, no c\u00f3mo \u201cdeber\u00edas\u201d manifestar.<\/li><li>Usar\u00e1s tu intuici\u00f3n de forma pr\u00e1ctica y consciente.<\/li><li>Manifestar\u00e1s con estructura, no solo con intenci\u00f3n.<\/li><\/ul><p><strong><br \/><b>5- Acci\u00f3n alineada y estrat\u00e9gica<\/b><\/strong><\/p><ul><li>Sabr\u00e1s c\u00f3mo preparar tu energ\u00eda antes de:<ul><li>reuniones<\/li><li>lanzamientos<\/li><li>ventas<\/li><\/ul><\/li><li>Actuar\u00e1s con m\u00e1s enfoque y menos esfuerzo.<\/li><\/ul><p><strong><br \/><b>6- Un negocio que fluye contigo<\/b><\/strong><\/p><ul><li>Tu negocio dejar\u00e1 de drenarte.<\/li><li>Empezar\u00e1s a construir resultados que puedes sostener en el tiempo.<\/li><li>La estrategia dejar\u00e1 de ir en contra de tu energ\u00eda.<\/li><\/ul><p><strong><br \/><b>7- Sostenibilidad sin agotamiento<\/b><\/strong><\/p><ul><li>Aprender\u00e1s a mantener tu energ\u00eda alta sin quemarte.<\/li><li>Tendr\u00e1s herramientas para reordenarte cuando algo se desajuste.<\/li><li>Tu crecimiento dejar\u00e1 de ser una monta\u00f1a rusa.<\/li><\/ul><p><strong><br \/><b>EL VERDADERO RESULTADO DE SINYAN<\/b><\/strong><b>A<\/b><\/p><p>M\u00e1s all\u00e1 de lo visible, SINYANA te devuelve algo esencial:<\/p><p><b>La capacidad de confiar en ti para crear tu vida y tu negocio desde dentro.<\/b><\/p><p>No dependes de f\u00f3rmulas externas.<br \/>No improvisas.<br \/>No fuerzas.<\/p><p><b>Decides. Creas. Sostienes.<\/b><\/p>\t\t\t\t\t\t\t\t<\/div>\n\t\t\t\t\t<\/div>\n\t\t\t\t<\/div>\n\t\t<div class=\"elementor-element elementor-element-a9a1a52 e-con-full elementor-hidden-desktop elementor-hidden-tablet e-flex e-con e-parent\" data-id=\"a9a1a52\" data-element_type=\"container\">\n\t\t<div class=\"elementor-element elementor-element-d64caeb e-con-full e-flex e-con e-child\" data-id=\"d64caeb\" data-element_type=\"container\">\n\t\t\t\t<div class=\"elementor-element elementor-element-35c68e9 elementor-widget elementor-widget-text-editor\" data-id=\"35c68e9\" data-element_type=\"widget\" data-widget_type=\"text-editor.default\">\n\t\t\t\t\t\t\t\t\t<p style=\"text-align: right;\">www.amberfengshui.com<br \/>hola@amberfengshui.es<\/p>\t\t\t\t\t\t\t\t<\/div>\n\t\t\t\t<\/div>\n\t\t<div class=\"elementor-element elementor-element-28758d9 e-con-full e-flex e-con e-child\" data-id=\"28758d9\" data-element_type=\"container\">\n\t\t\t\t<div class=\"elementor-element elementor-element-71e66ed elementor-widget elementor-widget-image\" data-id=\"71e66ed\" data-element_type=\"widget\" data-widget_type=\"image.default\">\n\t\t\t\t\t\t\t\t\t\t\t\t\t\t\t<img decoding=\"async\" width=\"74\" height=\"106\" src=\"https:\/\/amberfengshui.com\/sinyana\/wp-content\/uploads\/2025\/08\/logo.png\" class=\"attachment-large size-large wp-image-16\" alt=\"\" \/>\t\t\t\t\t\t\t\t\t\t\t\t\t\t\t<\/div>\n\t\t\t\t<\/div>\n\t\t\t\t<\/div>\n\t\t<div class=\"elementor-element elementor-element-7427f74 e-con-full elementor-hidden-mobile e-flex e-con e-parent\" data-id=\"7427f74\" data-element_type=\"container\" data-settings=\"{&quot;position&quot;:&quot;fixed&quot;}\">\n\t\t<div class=\"elementor-element elementor-element-39c7d8c e-con-full e-flex e-con e-child\" data-id=\"39c7d8c\" data-element_type=\"container\">\n\t\t\t\t<div class=\"elementor-element elementor-element-c9ff510 elementor-widget elementor-widget-text-editor\" data-id=\"c9ff510\" data-element_type=\"widget\" data-widget_type=\"text-editor.default\">\n\t\t\t\t\t\t\t\t\t<p style=\"text-align: right;\">www.amberfengshui.com<br \/>hola@amberfengshui.es<\/p>\t\t\t\t\t\t\t\t<\/div>\n\t\t\t\t<\/div>\n\t\t<div class=\"elementor-element elementor-element-9c7deed e-con-full e-flex e-con e-child\" data-id=\"9c7deed\" data-element_type=\"container\">\n\t\t\t\t<div class=\"elementor-element elementor-element-5a6aa21 elementor-widget elementor-widget-image\" data-id=\"5a6aa21\" data-element_type=\"widget\" data-widget_type=\"image.default\">\n\t\t\t\t\t\t\t\t\t\t\t\t\t\t\t<img decoding=\"async\" width=\"74\" height=\"106\" src=\"https:\/\/amberfengshui.com\/sinyana\/wp-content\/uploads\/2025\/08\/logo.png\" class=\"attachment-large size-large wp-image-16\" alt=\"\" \/>\t\t\t\t\t\t\t\t\t\t\t\t\t\t\t<\/div>\n\t\t\t\t<\/div>\n\t\t\t\t<\/div>\n\t\t\t\t<\/div>\n\t\t","protected":false},"excerpt":{"rendered":"<p>Beneficios clave de \u00absinyana\u00bb \u7684\u4e3b\u8981\u512a\u9ede SINYANA te da claridad, estructura y direcci\u00f3n interna para que tus decisiones y acciones empiecen a dar resultados reales y sostenibles. Al completar SINYANA, habr\u00e1s conseguido: 1- Claridad para decidir sin dudar Dejar\u00e1s de posponer decisiones importantes. Aprender\u00e1s a identificar cu\u00e1ndo avanzar y cu\u00e1ndo esperar. Tomar\u00e1s decisiones con m\u00e1s seguridad [&hellip;]<\/p>\n","protected":false},"author":1,"featured_media":0,"parent":0,"menu_order":0,"comment_status":"closed","ping_status":"closed","template":"elementor_header_footer","meta":{"_joinchat":[],"footnotes":""},"class_list":["post-55","page","type-page","status-publish","hentry"],"_links":{"self":[{"href":"https:\/\/amberfengshui.com\/sinyana\/index.php\/wp-json\/wp\/v2\/pages\/55","targetHints":{"allow":["GET"]}}],"collection":[{"href":"https:\/\/amberfengshui.com\/sinyana\/index.php\/wp-json\/wp\/v2\/pages"}],"about":[{"href":"https:\/\/amberfengshui.com\/sinyana\/index.php\/wp-json\/wp\/v2\/types\/page"}],"author":[{"embeddable":true,"href":"https:\/\/amberfengshui.com\/sinyana\/index.php\/wp-json\/wp\/v2\/users\/1"}],"replies":[{"embeddable":true,"href":"https:\/\/amberfengshui.com\/sinyana\/index.php\/wp-json\/wp\/v2\/comments?post=55"}],"version-history":[{"count":52,"href":"https:\/\/amberfengshui.com\/sinyana\/index.php\/wp-json\/wp\/v2\/pages\/55\/revisions"}],"predecessor-version":[{"id":307,"href":"https:\/\/amberfengshui.com\/sinyana\/index.php\/wp-json\/wp\/v2\/pages\/55\/revisions\/307"}],"wp:attachment":[{"href":"https:\/\/amberfengshui.com\/sinyana\/index.php\/wp-json\/wp\/v2\/media?parent=55"}],"curies":[{"name":"wp","href":"https:\/\/api.w.org\/{rel}","templated":true}]}}